{"id":62,"date":"2018-06-09T11:47:09","date_gmt":"2018-06-09T09:47:09","guid":{"rendered":"http:\/\/mr-ensemble.be\/?page_id=62"},"modified":"2024-09-27T18:07:19","modified_gmt":"2024-09-27T16:07:19","slug":"programme","status":"publish","type":"page","link":"https:\/\/www.mr-ensemble.be\/index.php\/programme\/","title":{"rendered":"Programme"},"content":{"rendered":"\n<div class=\"wp-block-columns is-layout-flex wp-container-core-columns-is-layout-1 wp-block-columns-is-layout-flex\">\n<div class=\"wp-block-column is-layout-flow wp-block-column-is-layout-flow\" style=\"flex-basis:66.66%\">\n<figure class=\"wp-block-image size-large is-resized\"><img loading=\"lazy\" decoding=\"async\" src=\"http:\/\/www.mr-ensemble.be\/wp-content\/uploads\/2024\/09\/Publications-MR-3-819x1024.png\" alt=\"\" class=\"wp-image-417\" width=\"398\" height=\"497\" srcset=\"https:\/\/www.mr-ensemble.be\/wp-content\/uploads\/2024\/09\/Publications-MR-3-819x1024.png 819w, https:\/\/www.mr-ensemble.be\/wp-content\/uploads\/2024\/09\/Publications-MR-3-240x300.png 240w, https:\/\/www.mr-ensemble.be\/wp-content\/uploads\/2024\/09\/Publications-MR-3-768x960.png 768w, https:\/\/www.mr-ensemble.be\/wp-content\/uploads\/2024\/09\/Publications-MR-3-1229x1536.png 1229w, https:\/\/www.mr-ensemble.be\/wp-content\/uploads\/2024\/09\/Publications-MR-3-1638x2048.png 1638w, https:\/\/www.mr-ensemble.be\/wp-content\/uploads\/2024\/09\/Publications-MR-3-1200x1500.png 1200w\" sizes=\"(max-width: 398px) 85vw, 398px\" \/><\/figure>\n<\/div>\n\n\n\n<div class=\"wp-block-column is-layout-flow wp-block-column-is-layout-flow\" style=\"flex-basis:33.33%\">\n<h2 class=\"wp-block-heading\">Notre programme<\/h2>\n\n\n\n<p>Ensemble, c&rsquo;est clair !<\/p>\n\n\n\n<p>Notre \u00e9quipe dynamique est fi\u00e8re de vous pr\u00e9senter un programme ambitieux et concret, sp\u00e9cialement con\u00e7u pour am\u00e9liorer la qualit\u00e9 de vie \u00e0 Lessines et dans ses villages.&nbsp;<\/p>\n\n\n\n<div class=\"wp-block-buttons is-layout-flex wp-block-buttons-is-layout-flex\">\n<div class=\"wp-block-button\"><a class=\"wp-block-button__link has-background\" href=\"http:\/\/www.mr-ensemble.be\/wp-content\/uploads\/2024\/09\/Programme-MR.pdf\" style=\"background-color:#06326f\" target=\"_blank\" rel=\"noreferrer noopener\"><strong>T\u00c9L\u00c9CHARGER LE PROGRAMME<\/strong><\/a><\/div>\n<\/div>\n<\/div>\n<\/div>\n","protected":false},"excerpt":{"rendered":"<p>Notre programme Ensemble, c&rsquo;est clair ! Notre \u00e9quipe dynamique est fi\u00e8re de vous pr\u00e9senter un programme ambitieux et concret, sp\u00e9cialement con\u00e7u pour am\u00e9liorer la qualit\u00e9 de vie \u00e0 Lessines et dans ses villages.&nbsp;<\/p>\n","protected":false},"author":1,"featured_media":0,"parent":0,"menu_order":0,"comment_status":"closed","ping_status":"closed","template":"","meta":{"footnotes":""},"class_list":["post-62","page","type-page","status-publish","hentry"],"_links":{"self":[{"href":"https:\/\/www.mr-ensemble.be\/index.php\/wp-json\/wp\/v2\/pages\/62"}],"collection":[{"href":"https:\/\/www.mr-ensemble.be\/index.php\/wp-json\/wp\/v2\/pages"}],"about":[{"href":"https:\/\/www.mr-ensemble.be\/index.php\/wp-json\/wp\/v2\/types\/page"}],"author":[{"embeddable":true,"href":"https:\/\/www.mr-ensemble.be\/index.php\/wp-json\/wp\/v2\/users\/1"}],"replies":[{"embeddable":true,"href":"https:\/\/www.mr-ensemble.be\/index.php\/wp-json\/wp\/v2\/comments?post=62"}],"version-history":[{"count":10,"href":"https:\/\/www.mr-ensemble.be\/index.php\/wp-json\/wp\/v2\/pages\/62\/revisions"}],"predecessor-version":[{"id":425,"href":"https:\/\/www.mr-ensemble.be\/index.php\/wp-json\/wp\/v2\/pages\/62\/revisions\/425"}],"wp:attachment":[{"href":"https:\/\/www.mr-ensemble.be\/index.php\/wp-json\/wp\/v2\/media?parent=62"}],"curies":[{"name":"wp","href":"https:\/\/api.w.org\/{rel}","templated":true}]}}